 when 12689 is divided by 19?
16
What is the remainder when 1661515 is divided by 2377?
2369
What is the remainder when 39069 is divided by 111?
108
Calculate the remainder when 29985 is divided by 102.
99
Calculate the remainder when 30091 is divided by 66.
61
What is the remainder when 521084 is divided by 138?
134
Calculate the remainder when 9843974 is divided by 73.
70
What is the remainder when 78153 is divided by 55?
53
What is the remainder when 504576 is divided by 17399?
5
What is the remainder when 37073 is divided by 292?
281
Calculate the remainder when 5647 is divided by 701.
39
What is the remainder when 7701 is divided by 335?
331
Calculate the remainder when 4923 is divided by 2456.
11
What is the remainder when 79584 is divided by 33?
21
What is the remainder when 6851 is divided by 966?
89
What is the remainder when 4715 is divided by 12?
11
Calculate the remainder when 5702 is divided by 300.
2
Calculate the remainder when 139603 is divided by 41.
39
Calculate the remainder when 219604 is divided by 109793.
18
Calculate the remainder when 259033 is divided by 77.
5
What is the remainder when 481532 is divided by 61?
59
Calculate the remainder when 34542 is divided by 78.
66
Calculate the remainder when 4030073 is divided by 32.
25
Calculate the remainder when 177060 is divided by 25.
10
What is the remainder when 13130 is divided by 13119?
11
Calculate the remainder when 4533 is divided by 563.
29
What is the remainder when 6271 is divided by 2009?
244
What is the remainder when 788109 is divided by 4582?
5
What is the remainder when 14189 is divided by 1431?
1310
What is the remainder when 871586 is divided by 15?
11
What is the remainder when 5572 is divided by 279?
271
Calculate the remainder when 182332 is divided by 2989.
3
Calculate the remainder when 236056 is divided by 220.
216
Calculate the remainder when 33389 is divided by 45.
44
What is the remainder when 11572 is divided by 8?
4
What is the remainder when 302715 is divided by 6727?
0
Calculate the remainder when 351 is divided by 119.
113
Calculate the remainder when 41583 is divided by 295.
283
Calculate the remainder when 269248 is divided by 343.
336
Calculate the remainder when 2595 is divided by 62.
53
Calculate the remainder when 3708 is divided by 607.
66
What is the remainder when 673163 is divided by 29?
15
What is the remainder when 11951 is divided by 2847?
563
What is the remainder when 18117 is divided by 2586?
15
Calculate the remainder when 517 is divided by 485.
32
Calculate the remainder when 131567 is divided by 4244.
3
What is the remainder when 34846 is divided by 310?
126
Calculate the remainder when 1645 is divided by 715.
215
What is the remainder when 3333 is divided by 31?
16
What is the remainder when 100502 is divided by 13?
12
Calculate the remainder when 16282 is divided by 6.
4
Calculate the remainder when 43100 is divided by 725.
325
What is the remainder when 71441 is divided by 257?
252
What is the remainder when 1105 is divided by 217?
20
Calculate the remainder when 809195 is divided by 16858.
11
Calculate the remainder when 117987 is divided by 414.
411
What is the remainder when 45611 is divided by 362?
361
Calculate the remainder when 127630 is divided by 337.
244
What is the remainder when 306458 is divided by 12258?
8
Calculate the remainder when 22816 is divided by 8.
0
Calculate the remainder when 46124 is divided by 8.
4
Calculate the remainder when 83247 is divided by 8319.
57
Calculate the remainder when 35798 is divided by 2753.
9
Calculate the remainder when 6363 is divided by 575.
38
What is the remainder when 886 is divided by 8?
6
Calculate the remainder when 48308 is divided by 732.
728
What is the remainder when 1567777 is divided by 130647?
13
What is the remainder when 1471025 is divided by 63?
38
Calculate the remainder when 14882 is divided by 61.
59
What is the remainder when 16503 is divided by 2032?
247
Calculate the remainder when 117365 is divided by 117307.
58
What is the remainder when 71131 is divided by 35352?
427
Calculate the remainder when 149302 is divided by 8.
6
What is the remainder when 16915 is divided by 368?
355
Calculate the remainder when 114256 is divided by 517.
516
Calculate the remainder when 66995 is divided by 241.
238
Calculate the remainder when 243922 is divided by 218.
198
What is the remainder when 422152 is divided by 22?
16
What is the remainder when 21679 is divided by 868?
847
What is the remainder when 16752 is divided by 2088?
48
Calculate the remainder when 13643 is divided by 3385.
103
Calculate the remainder when 1454 is divided by 104.
102
Calculate the remainder when 1166217 is divided by 110.
107
What is the remainder when 3858 is divided by 61?
15
Calculate the remainder when 338 is divided by 111.
5
Calculate the remainder when 232 is divided by 30.
22
What is the remainder when 37410 is divided by 7?
2
Calculate the remainder when 549895 is divided by 14470.
35
Calculate the remainder when 21428 is divided by 21405.
23
Calculate the remainder when 4196 is divided by 298.
24
Calculate the remainder when 163166 is divided by 315.
311
Calculate the remainder when 102172 is divided by 305.
302
Calculate the remainder when 2553149 is divided by 278.
275
Calculate the remainder when 68140 is divided by 6.
4
Calculate the remainder when 574771 is divided by 2031.
2029
Calculate the remainder when 82551 is divided by 5491.
186
Calculate the remainder when 696 is divided by 663.
33
Calculate the remainder when 12955 is divided by 164.
163
Calculate the remainder when 136189 is divided by 1227.
1219
What is the remainder when 16983 is divided by 16967?
16
What is the remainder when 168342 is divided by 137?
106
Calculate the remainder when 88190 is divided by 7.
4
Calculate the remainder when 10035 is divided by 1931.
380
What is the remainder when 9020 is divided by 1286?
18
What is the remainder when 396987 is divided by 99?
96
What is the remainder when 173247 is divided by 150?
147
Calculate the remainder when 7976 is divided by 7932.
44
What is the remainder when 11260 is divided by 96?
28
Calculate the remainder when 37637 is divided by 6270.
17
What is the remainder when 4456 is divided by 2091?
274
What is the remainder when 14430 is divided by 22?
20
What is the remainder when 494191 is divided by 303?
301
Calculate the remainder when 205114 is divided by 777.
763
What is the remainder when 12565 is divided by 104?
85
What is the remainder when 523366 is divided by 793?
779
What is the remainder when 1068670 is divided by 3886?
20
What is the remainder when 9342 is divided by 90?
72
Calculate the remainder when 6154 is divided by 408.
34
Calculate the remainder when 333 is divided by 164.
5
Calculate the remainder when 16333 is divided by 248.
213
What is the remainder when 53773 is divided by 614?
355
Calculate the remainder when 29376 is divided by 210.
186
Calculate the remainder when 6245631 is divided by 55.
51
What is the remainder when 2593 is divided by 615?
133
What is the remainder when 2163 is divided by 75?
63
What is the remainder when 4784 is divided by 319?
318
Calculate the remainder when 14067 is divided by 275.
42
Calculate the remainder when 158 is divided by 26.
2
Calculate the remainder when 248148 is divided by 124071.
6
Calculate the remainder when 12315 is divided by 2919.
639
What is the remainder when 56494 is divided by 13?
9
Calculate the remainder when 2431 is divided by 486.
1
Calculate the remainder when 668 is divided by 314.
40
Calculate the remainder when 217671 is divided by 299.
298
What is the remainder when 54444 is divided by 5443?
14
Calculate the remainder when 113447 is divided by 163.
162
Calculate the remainder when 7287 is divided by 1202.
75
What is the remainder when 470605 is divided by 167?
166
Calculate the remainder when 2039 is divided by 1605.
434
What is the remainder when 14331 is divided by 33?
9
What is the remainder when 280887 is divided by 465?
27
What is the remainder when 138266 is divided by 33?
29
What is the remainder when 223144 is divided by 163?
160
What is the remainder when 1557 is divided by 229?
183
What is the remainder when 7296 is divided by 196?
44
What is the remainder when 2476